{"id":715,"date":"2020-03-24T14:19:59","date_gmt":"2020-03-24T13:19:59","guid":{"rendered":"https:\/\/www.kindergarten-weidenbach.de\/wordpress\/?page_id=715"},"modified":"2025-10-02T07:36:01","modified_gmt":"2025-10-02T06:36:01","slug":"dasteam","status":"publish","type":"page","link":"https:\/\/www.kindergarten-weidenbach.de\/wordpress\/wir-ueber-uns\/dasteam\/","title":{"rendered":"Das Team"},"content":{"rendered":"\n<p>Wir sind ein Team von insgesamt 16 Mitarbeiterinnen, die innerhalb unserer f\u00fcnf Gruppen arbeiten.<\/p>\n<p>Wir haben zur Zeit zwei Krippengruppen &#8211; die Schneem\u00e4uschen und die Schneek\u00fcken.<br>Im Kindergartenbereich sind drei Gruppen &#8211; die Eisb\u00e4ren, die Pinguine und die Schneehasen.<\/p>\n<p>Bei den &#8222;Schneem\u00e4uschen&#8220; k\u00fcmmern sich Karin Dietlein (Erzieherin) und Steffi Rammler (Kinderpflegerin) um die Kleinsten.<br>Das Team rund um die &#8222;Schneek\u00fcken&#8220; bilden Selina Wei\u00dfmann, Joline Mayele (beide Erzieherinnen) und Anja Leibrich (Kinderpflegerin).<\/p>\n<p>Das Team der &#8222;Eisb\u00e4rengruppe&#8220; bilden Simone Wellh\u00f6fer und Vanessa Effenhauser (beide Erzieherinnen) mit Sandra Strehl (Kinderpflegerin).<br>In der &#8222;Pinguingruppe&#8220; sind Stefanie Kocher und Hannah Rammler (beide Erzieherinnen), Barbara Heumann (Heilerziehungspflegerin im Erziehungsdienst) und Kerstin Michnik (Kinderpflegerin) f\u00fcr die Kinder da.<br>In der &#8222;Schneehasengruppe&#8220; arbeiten Sabine Krug, Nathalie Lehmeyer (beide Erzieherinnen), Bianca Adler (Kindergartenleitung) und Tanja Hecht (Kinderpflegerin) zusammen.<br><br><\/p>\n<p><strong>Team 2025\/2026<img decoding=\"async\" src=\"https:\/\/www.kindergarten-weidenbach.de\/wordpress\/wp-content\/uploads\/2025\/09\/IMG-20250901-WA0002-e1756884731475.jpg\" alt=\"\"><\/strong><\/p>\n<p>&nbsp;<\/p>\n\n\n\n<p>Um das \u00e4u\u00dfere Erscheinungsbild des Kindergartens k\u00fcmmert sich unser Hausmeister und G\u00e4rtner Erich Herrmann. Olga Reichert unterst\u00fctzt uns bei hauswirtschaftlichen T\u00e4tigkeiten, vor allem beim Mittagessen.<\/p>\n\n\n\n\n","protected":false},"excerpt":{"rendered":"<p>Wir sind ein Team von insgesamt 16 Mitarbeiterinnen, die innerhalb unserer f\u00fcnf Gruppen arbeiten. Wir haben zur Zeit zwei Krippengruppen &#8211; die Schneem\u00e4uschen und die Schneek\u00fcken.Im Kindergartenbereich sind drei Gruppen &#8211; die Eisb\u00e4ren, die Pinguine und die Schneehasen. Bei den &#8222;Schneem\u00e4uschen&#8220; k\u00fcmmern sich Karin Dietlein (Erzieherin) und Steffi Rammler (Kinderpflegerin) um die Kleinsten.Das Team rund [&hellip;]<\/p>\n","protected":false},"author":3,"featured_media":0,"parent":41,"menu_order":20,"comment_status":"closed","ping_status":"closed","template":"","meta":{"ngg_post_thumbnail":0,"footnotes":""},"class_list":["post-715","page","type-page","status-publish","hentry"],"jetpack_sharing_enabled":true,"_links":{"self":[{"href":"https:\/\/www.kindergarten-weidenbach.de\/wordpress\/wp-json\/wp\/v2\/pages\/715","targetHints":{"allow":["GET"]}}],"collection":[{"href":"https:\/\/www.kindergarten-weidenbach.de\/wordpress\/wp-json\/wp\/v2\/pages"}],"about":[{"href":"https:\/\/www.kindergarten-weidenbach.de\/wordpress\/wp-json\/wp\/v2\/types\/page"}],"author":[{"embeddable":true,"href":"https:\/\/www.kindergarten-weidenbach.de\/wordpress\/wp-json\/wp\/v2\/users\/3"}],"replies":[{"embeddable":true,"href":"https:\/\/www.kindergarten-weidenbach.de\/wordpress\/wp-json\/wp\/v2\/comments?post=715"}],"version-history":[{"count":15,"href":"https:\/\/www.kindergarten-weidenbach.de\/wordpress\/wp-json\/wp\/v2\/pages\/715\/revisions"}],"predecessor-version":[{"id":2856,"href":"https:\/\/www.kindergarten-weidenbach.de\/wordpress\/wp-json\/wp\/v2\/pages\/715\/revisions\/2856"}],"up":[{"embeddable":true,"href":"https:\/\/www.kindergarten-weidenbach.de\/wordpress\/wp-json\/wp\/v2\/pages\/41"}],"wp:attachment":[{"href":"https:\/\/www.kindergarten-weidenbach.de\/wordpress\/wp-json\/wp\/v2\/media?parent=715"}],"curies":[{"name":"wp","href":"https:\/\/api.w.org\/{rel}","templated":true}]}}

<p>Wir sind ein Team von insgesamt 16 Mitarbeiterinnen, die innerhalb unserer fünf Gruppen arbeiten.</p>
<p>Wir haben zur Zeit zwei Krippengruppen &#8211; die Schneemäuschen und die Schneeküken.<br>Im Kindergartenbereich sind drei Gruppen &#8211; die Eisbären, die Pinguine und die Schneehasen.</p>
<p>Bei den &#8222;Schneemäuschen&#8220; kümmern sich Karin Dietlein (Erzieherin) und Steffi Rammler (Kinderpflegerin) um die Kleinsten.<br>Das Team rund um die &#8222;Schneeküken&#8220; bilden Selina Weißmann, Joline Mayele (beide Erzieherinnen) und Anja Leibrich (Kinderpflegerin).</p>
<p>Das Team der &#8222;Eisbärengruppe&#8220; bilden Simone Wellhöfer und Vanessa Effenhauser (beide Erzieherinnen) mit Sandra Strehl (Kinderpflegerin).<br>In der &#8222;Pinguingruppe&#8220; sind Stefanie Kocher und Hannah Rammler (beide Erzieherinnen), Barbara Heumann (Heilerziehungspflegerin im Erziehungsdienst) und Kerstin Michnik (Kinderpflegerin) für die Kinder da.<br>In der &#8222;Schneehasengruppe&#8220; arbeiten Sabine Krug, Nathalie Lehmeyer (beide Erzieherinnen), Bianca Adler (Kindergartenleitung) und Tanja Hecht (Kinderpflegerin) zusammen.<br><br></p>
<p><strong>Team 2025/2026<img decoding="async" src="https://www.kindergarten-weidenbach.de/wordpress/wp-content/uploads/2025/09/IMG-20250901-WA0002-e1756884731475.jpg" alt=""></strong></p>
<p>&nbsp;</p>



<p>Um das äußere Erscheinungsbild des Kindergartens kümmert sich unser Hausmeister und Gärtner Erich Herrmann. Olga Reichert unterstützt uns bei hauswirtschaftlichen Tätigkeiten, vor allem beim Mittagessen.</p>

<p>Wir sind ein Team von insgesamt 16 Mitarbeiterinnen, die innerhalb unserer fünf Gruppen arbeiten. Wir haben zur Zeit zwei Krippengruppen &#8211; die Schneemäuschen und die Schneeküken.Im Kindergartenbereich sind drei Gruppen &#8211; die Eisbären, die Pinguine und die Schneehasen. Bei den &#8222;Schneemäuschen&#8220; kümmern sich Karin Dietlein (Erzieherin) und Steffi Rammler (Kinderpflegerin) um die Kleinsten.Das Team rund [&hellip;]</p>
