{"id":791,"date":"2020-03-29T16:30:09","date_gmt":"2020-03-29T15:30:09","guid":{"rendered":"https:\/\/www.kindergarten-weidenbach.de\/wordpress\/?page_id=791"},"modified":"2020-04-08T07:44:00","modified_gmt":"2020-04-08T06:44:00","slug":"oeffnungszeiten-bring-und-abholzeiten","status":"publish","type":"page","link":"https:\/\/www.kindergarten-weidenbach.de\/wordpress\/wichtigstenfragen\/oeffnungszeiten-bring-und-abholzeiten\/","title":{"rendered":"\u00d6ffnungszeiten \/ Bring- und Abholzeiten"},"content":{"rendered":"\n<p>Neben dem Dienst am Kind muss das Personal seine p\u00e4dagogische Arbeit vor- und nachbereiten, an Teamsitzungen teilnehmen, pflegerische Arbeiten erledigen, Elternabende, Veranstaltungen und Feste planen, vorbereiten, durchf\u00fchren und reflektieren und mit verschiedenen Institutionen zusammenarbeiten. Deshalb sind die \u00d6ffnungszeiten nicht gleichzeitig die Arbeitszeiten des p\u00e4dagogischen Personals.<\/p>\n<p>Ge\u00f6ffnet haben wir Montag bis Donnerstag von 7.00 Uhr bis 16.30 Uhr, am Freitag von 7.00 Uhr bis 15.00 Uhr.<\/p>\n<p>Um eine ungest\u00f6rte Bildungs- und Erziehungsarbeit im Umfang von 20 Stunden in der Woche verfolgen zu k\u00f6nnen hat der Tr\u00e4ger hat eine t\u00e4gliche Kernzeit von 8.30 Uhr bis 12.30 Uhr festgelegt. Die Bring- und Abholzeiten von jeweils einer halben Stunde m\u00fcssen noch hinzugerechnet werden (Kernzeit nach Art. 21 (4) BayKiBiG).<br><br>Die Grundbuchungszeit in der Krippe und im Kindergarten ist somit folgenderma\u00dfen:<\/p>\n<p>4 &#8211; 5 Stunden&nbsp;&nbsp;&nbsp;&nbsp;&nbsp;&nbsp;&nbsp;&nbsp;&nbsp;&nbsp;&nbsp;&nbsp;&nbsp;&nbsp; Bringzeit von 8.00 Uhr &#8211; 8.30 Uhr<br>&nbsp;&nbsp;&nbsp;&nbsp;&nbsp;&nbsp;&nbsp;&nbsp;&nbsp;&nbsp;&nbsp;&nbsp;&nbsp;&nbsp;&nbsp;&nbsp;&nbsp;&nbsp;&nbsp;&nbsp;&nbsp;&nbsp;&nbsp;&nbsp;&nbsp;&nbsp;&nbsp;&nbsp;&nbsp;&nbsp;&nbsp;&nbsp;&nbsp;&nbsp;&nbsp;&nbsp;&nbsp;&nbsp; Kernzeit von 8.30 Uhr &#8211; 12.30 Uhr<br>&nbsp;&nbsp;&nbsp;&nbsp;&nbsp;&nbsp;&nbsp;&nbsp;&nbsp;&nbsp;&nbsp;&nbsp;&nbsp;&nbsp;&nbsp;&nbsp;&nbsp;&nbsp;&nbsp;&nbsp;&nbsp;&nbsp;&nbsp;&nbsp;&nbsp;&nbsp;&nbsp;&nbsp;&nbsp;&nbsp;&nbsp;&nbsp;&nbsp;&nbsp;&nbsp;&nbsp;&nbsp;&nbsp; Abholzeit von 12.30 Uhr &#8211; 13.00 Uhr<\/p>\n<p>Dar\u00fcber hinaus k\u00f6nnen alle Eltern Stunden buchen, die sie vor bzw. nach dieser Kernbuchungszeit ben\u00f6tigen.<\/p>\n<p>W\u00e4hrend der Kernzeit von 8.30 Uhr bis 12.30 Uhr sollen die Kinder weder gebracht noch abgeholt werden. <br>Im Kindergarten essen die Kinder von ca. 12.45 Uhr bis 13.30 zu Mittag. W\u00e4hrend&nbsp; dieser Zeit sollen die Kinder nicht abgeholt werden, um ein ruhiges Mittagessen zu gew\u00e4hrleisten.<\/p>\n<p>Diese Einschr\u00e4nkung ist f\u00fcr einen p\u00e4dagogisch sinnvollen Tagesablauf notwendig, unter anderem damit das Spiel in der Gruppe m\u00f6glichst ungest\u00f6rt bleibt und die Kernzeit p\u00e4dagogisch wertvoll genutzt werden kann.<\/p>\n<p>Im Einzelfall sind jedoch Ausnahmen m\u00f6glich, beispielsweise wenn ein Arzttermin wahrgenommen werden muss oder unvorhergesehene Ereignisse es notwendig erscheinen lassen, den normalen Tagesablauf der Familie zu ver\u00e4ndern.<\/p>\n<p>Solche kurzfristigen \u00c4nderungen sollten jedoch der Kindergartenleitung oder der Gruppenerzieherin mitgeteilt werden, evtl. auch telefonisch.<\/p>\n<p>Aus Sicherheitsgr\u00fcnden ist die T\u00fcr w\u00e4hrend der Kernzeit abgeschlossen.<\/p>\n<p>Das p\u00e4dagogische Personal ist dar\u00fcber zu informieren, wenn jemand anderes das Kind abholt, der nicht als abholberechtigt in der Anmeldung aufgef\u00fchrt ist.<\/p>\n","protected":false},"excerpt":{"rendered":"<p>Neben dem Dienst am Kind muss das Personal seine p\u00e4dagogische Arbeit vor- und nachbereiten, an Teamsitzungen teilnehmen, pflegerische Arbeiten erledigen, Elternabende, Veranstaltungen und Feste planen, vorbereiten, durchf\u00fchren und reflektieren und mit verschiedenen Institutionen zusammenarbeiten. Deshalb sind die \u00d6ffnungszeiten nicht gleichzeitig die Arbeitszeiten des p\u00e4dagogischen Personals. Ge\u00f6ffnet haben wir Montag bis Donnerstag von 7.00 Uhr bis [&hellip;]<\/p>\n","protected":false},"author":3,"featured_media":0,"parent":755,"menu_order":11,"comment_status":"closed","ping_status":"closed","template":"","meta":{"ngg_post_thumbnail":0,"footnotes":""},"class_list":["post-791","page","type-page","status-publish","hentry"],"jetpack_sharing_enabled":true,"_links":{"self":[{"href":"https:\/\/www.kindergarten-weidenbach.de\/wordpress\/wp-json\/wp\/v2\/pages\/791","targetHints":{"allow":["GET"]}}],"collection":[{"href":"https:\/\/www.kindergarten-weidenbach.de\/wordpress\/wp-json\/wp\/v2\/pages"}],"about":[{"href":"https:\/\/www.kindergarten-weidenbach.de\/wordpress\/wp-json\/wp\/v2\/types\/page"}],"author":[{"embeddable":true,"href":"https:\/\/www.kindergarten-weidenbach.de\/wordpress\/wp-json\/wp\/v2\/users\/3"}],"replies":[{"embeddable":true,"href":"https:\/\/www.kindergarten-weidenbach.de\/wordpress\/wp-json\/wp\/v2\/comments?post=791"}],"version-history":[{"count":2,"href":"https:\/\/www.kindergarten-weidenbach.de\/wordpress\/wp-json\/wp\/v2\/pages\/791\/revisions"}],"predecessor-version":[{"id":1232,"href":"https:\/\/www.kindergarten-weidenbach.de\/wordpress\/wp-json\/wp\/v2\/pages\/791\/revisions\/1232"}],"up":[{"embeddable":true,"href":"https:\/\/www.kindergarten-weidenbach.de\/wordpress\/wp-json\/wp\/v2\/pages\/755"}],"wp:attachment":[{"href":"https:\/\/www.kindergarten-weidenbach.de\/wordpress\/wp-json\/wp\/v2\/media?parent=791"}],"curies":[{"name":"wp","href":"https:\/\/api.w.org\/{rel}","templated":true}]}}