{"id":802,"date":"2020-03-29T16:34:51","date_gmt":"2020-03-29T15:34:51","guid":{"rendered":"https:\/\/www.kindergarten-weidenbach.de\/wordpress\/?page_id=802"},"modified":"2020-04-08T07:26:38","modified_gmt":"2020-04-08T06:26:38","slug":"kuendigung","status":"publish","type":"page","link":"https:\/\/www.kindergarten-weidenbach.de\/wordpress\/wichtigstenfragen\/kuendigung\/","title":{"rendered":"K\u00fcndigung"},"content":{"rendered":"\n<p>Eine K\u00fcndigung des Betreuungsplatzes muss schriftlich, mit einer Frist von drei Monaten zum Monatsende ohne Angaben von Gr\u00fcnden in Textform erfolgen. Eine fristlose K\u00fcndigung ist nur bei Vorliegen eines wichtigen Grundes zul\u00e4ssig.<\/p>\n<p>Ein K\u00fcndigungsrecht haben nicht nur die Eltern. Auch der Tr\u00e4ger kann nach Absprache mit der Einrichtungsleitung den Betreuungsplatz k\u00fcndigen, falls ein wichtiger Grund vorliegt <br>(s. Betreuungsvertrag).<\/p>\n<p><strong>Kinderkrippe<\/strong>: &nbsp;&nbsp;&nbsp;&nbsp;&nbsp;&nbsp;&nbsp; <br>Bei Wechsel in die Kindergartengruppe wird der Vertrag automatisch verl\u00e4ngert und endet somit zum 31.August im Jahr der Einschulung oder durch eine fristgerechte K\u00fcndigung.<\/p>\n<p><strong>Kindergarten<\/strong>: &nbsp;&nbsp;&nbsp;&nbsp;&nbsp;&nbsp;&nbsp;&nbsp; <br>Der Vertrag endet zum 31. August im Jahr der Einschulung oder durch eine fristgerechte K\u00fcndigung.<\/p>\n","protected":false},"excerpt":{"rendered":"<p>Eine K\u00fcndigung des Betreuungsplatzes muss schriftlich, mit einer Frist von drei Monaten zum Monatsende ohne Angaben von Gr\u00fcnden in Textform erfolgen. Eine fristlose K\u00fcndigung ist nur bei Vorliegen eines wichtigen Grundes zul\u00e4ssig. Ein K\u00fcndigungsrecht haben nicht nur die Eltern. Auch der Tr\u00e4ger kann nach Absprache mit der Einrichtungsleitung den Betreuungsplatz k\u00fcndigen, falls ein wichtiger Grund [&hellip;]<\/p>\n","protected":false},"author":3,"featured_media":0,"parent":755,"menu_order":17,"comment_status":"closed","ping_status":"closed","template":"","meta":{"ngg_post_thumbnail":0,"footnotes":""},"class_list":["post-802","page","type-page","status-publish","hentry"],"jetpack_sharing_enabled":true,"_links":{"self":[{"href":"https:\/\/www.kindergarten-weidenbach.de\/wordpress\/wp-json\/wp\/v2\/pages\/802","targetHints":{"allow":["GET"]}}],"collection":[{"href":"https:\/\/www.kindergarten-weidenbach.de\/wordpress\/wp-json\/wp\/v2\/pages"}],"about":[{"href":"https:\/\/www.kindergarten-weidenbach.de\/wordpress\/wp-json\/wp\/v2\/types\/page"}],"author":[{"embeddable":true,"href":"https:\/\/www.kindergarten-weidenbach.de\/wordpress\/wp-json\/wp\/v2\/users\/3"}],"replies":[{"embeddable":true,"href":"https:\/\/www.kindergarten-weidenbach.de\/wordpress\/wp-json\/wp\/v2\/comments?post=802"}],"version-history":[{"count":1,"href":"https:\/\/www.kindergarten-weidenbach.de\/wordpress\/wp-json\/wp\/v2\/pages\/802\/revisions"}],"predecessor-version":[{"id":1225,"href":"https:\/\/www.kindergarten-weidenbach.de\/wordpress\/wp-json\/wp\/v2\/pages\/802\/revisions\/1225"}],"up":[{"embeddable":true,"href":"https:\/\/www.kindergarten-weidenbach.de\/wordpress\/wp-json\/wp\/v2\/pages\/755"}],"wp:attachment":[{"href":"https:\/\/www.kindergarten-weidenbach.de\/wordpress\/wp-json\/wp\/v2\/media?parent=802"}],"curies":[{"name":"wp","href":"https:\/\/api.w.org\/{rel}","templated":true}]}}